*m, 0 = m + 4*u + 17. Suppose 5*z - m*o - 1066 = -261, 0 = -z - 5*o + 189. What is the hundreds digit of z?
1
Suppose -114*m - 333*m + 35740632 = 41*m. What is the hundreds digit of m?
2
Let y = 44801 - 18168. What is the hundreds digit of y?
6
Let o = -24838 - -25834. What is the units digit of o?
6
Let w be ((-20839)/26)/(3/(-6)). Suppose 12*u - w - 2477 = 0. What is the units digit of u?
0
Let u = 906 + 1669. What is the hundreds digit of u?
5
Let c(z) = 3*z**3 + 41*z**2 + 92*z + 27. Let d(y) = y**3 + 2*y**2 + y + 3. Let w(q) = c(q) - 4*d(q). What is the tens digit of w(34)?
5
Let u(k) = k**2 - 4*k - 1. Let d be (4 - -1) + -8 + 1*-13. Let m be u(d). Let v = m - 204. What is the units digit of v?
5
Suppose -5*m = 2*c + 2*c - 122427, 5*c + m = 152997. What is the units digit of c?
8
Suppose 2*d + 9 = -h, 0*h = 5*d - 2*h + 27. Let j(s) = 17*s**2 + 14*s + 32. What is the tens digit of j(d)?
8
Let b(r) = r**3 + 5*r**2 + 6*r + 6. Let k(q) = 2*q**2 - 16*q + 10. Let t be k(7). Let u be b(t). What is the units digit of 4 - -78 - (u + 5)?
9
Let j(k) = 248*k**2 - 107*k - 1469. What is the thousands digit of j(-14)?
8
Suppose 0 = -3*w - 4*t + 92812, -11*w = -7*w - 5*t - 123677. What is the tens digit of w?
2
Suppose 88*l = 89*l - 162. Suppose 215 = 5*h + 5*t, 3*h - 2*h = 2*t + 52. Suppose 2*b = l + h. What is the units digit of b?
4
Suppose -19577 = -22*q + 53771. What is the hundreds digit of q?
3
Let l(m) = 232*m + 7895. What is the hundreds digit of l(109)?
1
Suppose -451*m + 495*m - 1610115 = 848121. What is the hundreds digit of m?
8
Suppose 0 = -7*r + 3*r + 7100. Suppose -12*t = -7*t - r. What is the tens digit of t?
5
Let y(r) be the first derivative of 4*r**3/3 - 3*r**2 + 904*r - 125. What is the tens digit of y(0)?
0
Let q(h) = -10*h**3 + 37*h**2 + 213*h - 12. What is the tens digit of q(-8)?
7
What is the tens digit of (22 + -1)/((-15)/(-75) + 56/(-330))?
9
Suppose 3*z + 140 = -3*u - 94, -2*z - 164 = -2*u. Suppose -y + 4*y + 9 = 0, -5*c = -2*y + 79. Let x = c - z. What is the tens digit of x?
6
Let i(h) = -3*h**3 + 28*h**2 + 47*h - 10. Let z(k) = -2*k**3 + 26*k**2 + 48*k - 11. Let c(w) = 3*i(w) - 4*z(w). What is the units digit of c(-17)?
4
Suppose -5*s + 481 = 2*q - 10*s, 2*q + 2*s = 446. Let u = q + -127. What is the units digit of u?
1
Let y(w) be the second derivative of -w**5/10 - 5*w**4/12 - 2*w**3/3 + 3*w**2 + 10*w + 2. Let s = -1 - 3. What is the units digit of y(s)?
0
What is the ten thousands digit of -15 - (-11)/(275/1764825)?
7
Let z = 483 + -326. Let v = 797 - z. What is the tens digit of v?
4
Suppose -7*p + 3*p + 16 = 0. Suppose 5*i - q = p*q + 55, -q + 3 = 0. What is the units digit of i*(-12)/(-3) - -3?
9
Suppose -175*s + 17177 = 5*r - 174*s, 6884 = 2*r - 4*s. What is the tens digit of r?
3
Let k(h) = -6*h**3 - 11*h**2 - 13*h - 30. Let a be k(-7). Let g = 2487 - a. What is the tens digit of g?
0
Suppose -2*j - 1230 + 458 = 0. Let s = 1589 + j. Suppose 0 = -8*m - 467 + s. What is the units digit of m?
2
Suppose -26*f - 800 = -16*f. Let d = -12 - f. What is the units digit of d?
8
Let a = 183 + -69. Suppose -2*s = -142 - a. What is the units digit of s?
8
Suppose -5*d = 2*y + 12962, 5*y = 5*d - 4*d + 2614. Let i = d + 3988. What is the thousands digit of i?
1
Suppose -6 = h + 5*i, -2*i = -2*h - 5*i + 2. Suppose 34*s = 33*s + h. Let f = 129 - s. What is the units digit of f?
5
Let z be 172/6*(2 + 1). Let f = z + -320. What is the units digit of (f/15)/((-12)/40)?
2
Let b(z) = 2340*z + 428. What is the hundreds digit of b(5)?
1
Let f(c) = -c**3 - 7*c**2 + 18*c - 18. Suppose -9*a + 11*a = -18. Let x be f(a). Let n = x - -46. What is the tens digit of n?
2
Suppose -24 - 291 = -5*x. Suppose -8*c + x = -c. What is the tens digit of 4/18 - (0 - 709/c)?
7
Suppose -2*l = 5*g - 15356, 4*g + 5*l + 7686 = 19981. Suppose 0 = 13*m - g - 1805. What is the hundreds digit of m?
3
Let n(x) = -x**2 - 10*x - 10. Let p be n(-10). Let s be ((-4)/(-18)*3)/(p/(-15)). Suppose -v = -2*j - 5, 0*v + 3*v + j - s = 0. What is the units digit of v?
1
What is the tens digit of (767 + 345/(-15))*(-11)/(-4)?
4
Suppose -6*w = -16*w + 8050. Suppose -16*g + 17*g = w. What is the hundreds digit of g?
8
Suppose 7 = -l + 3, -3*c - 1188 = 3*l. Let o = c + 757. What is the tens digit of o?
6
Suppose 0 = 2*v + 8, 51 = k - v + 17. Suppose 5*y - 51 = -361. Let u = k - y. What is the tens digit of u?
9
Suppose 10*b - 30 = 7*b. Let z(d) = 11*d - b*d + 5*d - 11. What is the tens digit of z(17)?
9
Suppose 8*c - 44 = -12. Let s = -8 + 13. Suppose o - 120 = -c*u, s*u = 5*o + u - 480. What is the units digit of o?
0
Let g = 40 + -13. Suppose -3*n + 6 + 105 = h, -115 = -h - n. Let a = g + h. What is the units digit of a?
4
Suppose 4*w = 239*z - 235*z - 213388, -160039 = -3*z + w. What is the units digit of z?
6
Let a(d) = -170*d + 124. Let s(c) = 122*c - 83. Let h(x) = -5*a(x) - 7*s(x). Let v be (6*1)/((-1)/4). What is the units digit of h(v)?
7
What is the hundreds digit of 1331/(23/(-69) + (-320)/(-915))?
1
Suppose -5*r + 18*r = 78. Let k(l) = 16*l**2 + 9. What is the units digit of k(r)?
5
Suppose 10599 + 10793 = 7*j + 2*l, -l = -3*j + 9168. What is the tens digit of j?
5
Let m(j) = -3*j + 0*j + 32 - 8 + 0*j. Let l be m(7). Suppose i = -l*d + 116, 12 = 4*d - 0. What is the hundreds digit of i?
1
Suppose 4 = -c + 4. Suppose 26 = -13*w - c. What is the tens digit of (345/w)/(-5)*(-12)/(-6)?
6
Suppose 3*x = -x + 20, -3*x + 435 = 4*m. Suppose 5*n = 4*s + 14, -9*n - 15 = -14*n + 5*s. Suppose -n*r + m = -159. What is the hundreds digit of r?
1
Suppose -3*k + 2388 = 7*q - 2*q, 5*q - 2*k = 2408. Suppose -4*b - 347 = 3*a - 3*b, 3*b - q = 4*a. Let d = a - -247. What is the tens digit of d?
3
Suppose 0 = -s + 144116 - 93350. What is the units digit of s?
6
Let q(k) = 3*k + 15. Let u be q(-4). Suppose -u*d = -4*d + 347. What is the tens digit of d?
4
Let w(m) = m**3 - 4*m**2 - 3*m + 1. Let j(r) = -2*r**3 + 8*r**2 + 5*r - 4. Let u(q) = 2*j(q) + 5*w(q). What is the units digit of u(7)?
9
Let y = -102 + 17. Let b = y - -87. Suppose 0*x + 3*g + 291 = b*x, 0 = g + 5. What is the hundreds digit of x?
1
Suppose 9*f - 8*f - 342 = 0. Suppose -7*a - f = 78. What is the hundreds digit of (-15592)/a + 8/60?
2
Let i(j) = 6*j**2 + 4*j + 2. Let n be i(-3). Suppose -3*a - n = 130. Let g = 30 - a. What is the units digit of g?
8
Suppose 12*l - 4 = 32. Suppose -3*r + 7*a - l*a + 746 = 0, 3*a = r - 252. What is the tens digit of r?
4
Let m = 195 + -189. Suppose 4*x - 1772 = -4*n, -2*n + 5*x - m*x = -889. What is the hundreds digit of n?
4
Suppose 34*g = 19*g. What is the tens digit of -273*(-2 - g/(-7))?
4
Let n be (0 + 1 - (-154)/(-33))*-3. What is the hundreds digit of 1721/n - (-90)/165?
1
Suppose 87*w - 1322209 - 136496 = 157494. What is the units digit of w?
7
Suppose 5*n + 7913 = 3*f, -12*f + 3*n + 7905 = -9*f. What is the hundreds digit of f?
6
Suppose 0 = -h - p + 1311, h - 2*p - 427 = 887. Suppose 2*s - 15*i + 10*i - 866 = 0, -3*s + i + h = 0. What is the tens digit of s?
3
Let r be (46 + 3)/(-7) + -2425. What is the hundreds digit of 147/(-105) - r/5?
4
Suppose -5*d - j + 44341 + 257712 = 0, -6*j + 60428 = d. What is the tens digit of d?
1
Let a(b) = -b**2 + 6*b + 4. Let i be a(6). Suppose 209 = -4*j - d - 0*d, -5*j + i*d = 235. Let l = -38 - j. What is the units digit of l?
3
Suppose -34 = -15*b - 2*b. What is the tens digit of (-5)/((-5 - (-1 - b))/6)?
1
Let g be -1*(7 - 5 - 1299*2). Suppose 2540 = 6*l - g. What is the units digit of l?
6
Let y = 107 - 112. What is the units digit of 4*y/10 + 129?
7
Let l(u) = -3*u**2 + 25*u - 2. Let b be l(8). Suppose 2*p = 3*g + 9, -b*p - 5*g = -2*p - 7. Suppose 0 = -p*s + 105 + 225. What is the hundreds digit of s?
1
Suppose 10*n + 5*s - 194106 = -8*n, -4*n + 43146 = 3*s. What is the tens digit of n?
8
Let v = -126 + 211. Let h = v + -119. Let c = 83 - h. What is the units digit of c?
7
Suppose 78*c - 5662 = -2*d + 75*c, 0 = 3*d + 2*c - 8498. What is the thousands digit of d?
2
Let k = 263 - 423. Let o = 423 + k. What is the hundreds digit of o?
2
Let x = 71106 + -23899. What is the ten thousands digit of x?
4
Suppose 67*g - 37*g + 39*g - 833520 = 0. What is the units digit of g?
0
Let p = -10 + 12. Suppose 0*z + 5*m = z - 102, -p*z + 5*m = -224. What is 